 16
-1c929
Convert -17683b (base 12) to base 6.
-12405315
Convert -11175e (base 15) to base 6.
-25245155
What is -23021113010 (base 4) in base 8?
-13112704
What is 203664 (base 9) in base 14?
32069
What is 1a7ce0 (base 15) in base 10?
1292160
Convert 432500011 (base 6) to base 11.
4382a68
Convert -5ab2a (base 14) to base 9.
-367118
-8728ac (base 14) to base 13
-c440c8
What is -3004004 (base 7) in base 16?
-56813
Convert -54150263 (base 8) to base 3.
-210210201102102
100022113 (base 6) to base 7
20205534
Convert 13023011 (base 5) to base 8.
367247
What is 23301140 (base 5) in base 7?
1544013
What is -1532424 (base 6) in base 14?
-24b3a
Convert -213041104 (base 5) to base 8.
-3357150
What is 73a21 (base 11) in base 13?
3a048
Convert -79b957 (base 12) to base 5.
-444330234
13001134 (base 5) to base 7
1030632
Convert b09250 (base 13) to base 8.
17520317
12ccc0 (base 16) to base 8
4546300
1cc56 (base 14) to base 7
425036
-443106 (base 7) to base 3
-10221212210
4434042331 (base 5) to base 7
145143112
6b4371 (base 12) to base 11
a8072a
Convert -299b2 (base 12) to base 6.
-1130342
What is -42450 (base 9) in base 12?
-142b3
-56564125 (base 7) to base 4
-102302001202
Convert d04e2 (base 15) to base 7.
5413655
102233 (base 5) to base 4
311303
Convert -2b2901 (base 13) to base 12.
-432b81
-4c9699 (base 13) to base 14
-361aa5
Convert 2149e (base 16) to base 6.
2531130
What is -240652433 (base 7) in base 12?
-500449b
What is 9394539 (base 10) in base 3?
122200021212220
-385764 (base 9) to base 13
-82609
What is 15103413 (base 8) in base 2?
1101001000011100001011
-46325562 (base 7) to base 10
-4057293
-2267157 (base 12) to base 8
-31147023
What is 111100012 (base 4) in base 11?
5a443
Convert 4310014411 (base 5) to base 6.
522133415
476036 (base 10) to base 11
2a5720
Convert 74403 (base 8) to base 13.
11140
What is 46fd (base 16) in base 9?
26832
What is -2033223123 (base 4) in base 5?
-122313012
-7120 (base 10) to base 12
-4154
Convert 68b9 (base 14) to base 11.
12741
What is 1213212431 (base 5) in base 14?
548984
aa99 (base 16) to base 5
2344143
Convert -1800722 (base 12) to base 10.
-4977674
What is 152124422 (base 6) in base 9?
5882555
What is 10305240 (base 6) in base 3?
120110121120
Convert -5122224 (base 6) to base 12.
-b9374
What is 102333130 (base 6) in base 10?
1800846
Convert 1010010010001010000 (base 2) to base 15.
69ca1
-3221040420 (base 5) to base 12
-2347b1a
Convert -2014224 (base 10) to base 2.
-111101011110000010000
309607 (base 13) to base 4
10111001101
Convert 34223253 (base 6) to base 7.
11612415
Convert 20302323032 (base 4) to base 10.
2305742
42525 (base 9) to base 11
1a153
d4159 (base 15) to base 4
2210002332
Convert -171283 (base 15) to base 13.
-30197a
What is -545101252 (base 6) in base 3?
-200100211002212
142950 (base 13) to base 2
1110111111111111101
What is -20030134 (base 5) in base 9?
-260863
-31432321 (base 5) to base 2
-1000000101000000111
-10000011001011010000110 (base 2) to base 13
-b76622
-100120222111 (base 3) to base 15
-3ae17
1205a8 (base 13) to base 3
210211000122
-659c6a (base 13) to base 7
-26223036
Convert d37b0b (base 15) to base 16.
995945
11b04c (base 13) to base 15
859c5
318531 (base 9) to base 2
101110011000010101
What is 394802 (base 10) in base 2?
1100000011000110010
What is 6357244 (base 9) in base 10?
3403903
What is -ef27 (base 16) in base 3?
-10002222112
-2177467 (base 8) to base 14
-114c3d
Convert -111111110111101100 (base 2) to base 7.
-2136501
-4444324 (base 6) to base 10
-223900
What is 4344131 (base 5) in base 14?
1d432
-2cc9c (base 15) to base 9
-240313
What is 1024204 (base 6) in base 15?
ed0d
-231321011 (base 4) to base 9
-315758
Convert -3de4e (base 15) to base 13.
-6c749
What is 10011101002000 (base 3) in base 12?
690553
10010100000101100001 (base 2) to base 11
38479a
Convert -718a3 (base 11) to base 7.
-614554
What is -1663043 (base 7) in base 3?
-102212221002
1221212002100 (base 3) to base 7
11562036
-104132 (base 7) to base 12
-a68b
Convert -2754357 (base 8) to base 9.
-1413051
What is 75666 (base 13) in base 5?
23241020
What is -5331210 (base 6) in base 5?
-31321130
Convert 74cb5 (base 13) to base 16.
337cb
Convert -18543b (base 15) to base 16.
-1209fe
What is 858e (base 16) in base 2?
1000010110001110
What is 3dbda (base 14) in base 8?
453264
Convert 16cb9d (base 16) to base 8.
5545635
Convert 21200223 (base 4) to base 3.
1222102210
Convert -105456 (base 7) to base 4.
-10211013
What is -253062 (base 7) in base 10?
-46692
Convert d7359 (base 15) to base 5.
133320014
Convert 23224442 (base 8) to base 10.
5056802
Convert 312144 (base 5) to base 7.
42012
5274828 (base 10) to base 16
507ccc
4c903 (base 13) to base 10
142132
2828a (base 12) to base 6
1105454
Convert -2616490 (base 11) to base 10.
-4532638
Convert 20424402 (base 5) to base 8.
515152
What is -18224 (base 13) in base 12?
-22ab5
-24123330 (base 6) to base 2
-10111000111110000110
-10201303111 (base 4) to base 7
-13042504
Convert -102110210110 (base 3) to base 9.
-373713
Convert -3229 (base 10) to base 12.
-1a51
What is -12233103144 (base 5) in base 13?
-3090286
Convert 813a33 (base 11) to base 2.
100111111011010000000
Convert 5bc56 (base 14) to base 16.
36db4
What is -99c86 (base 15) in base 10?
-488826
6270a (base 14) to base 6
5030530
Convert -807251 (base 10) to base 16.
-c5153
Convert 5544122 (base 6) to base 12.
115042
-352733 (base 10) to base 5
-42241413
-59344 (base 11) to base 5
-10214340
What is -55005432 (base 8) in base 3?
-211012110121221
5525b (base 12) to base 5
12101204
What is -1552154 (base 8) in base 6?
-13332112
-332321322 (base 4) to base 7
-2122122
ab327c (base 15) to base 5
4042130232
What is 3333221012 (base 5) in base 8?
33731104
Convert 1012212332 (base 5) to base 13.
5760b0
-2540453 (base 7) to base 12
-13a5ab
Convert 13112201301 (base 4) to base 2.
111010110100001110001
1001000010010100111010 (base 2) to base 8
11022472
-118827 (base 11) to base 16
-2dbc9
Convert 10110000010000000101 (base 2) to base 7.
6064511
-10110001111011 (base 2) to base 4
-2301323
-1142044434 (base 5) to base 4
-22100320323
-8d2b97 (base 16) to base 14
-132b8a3
What is -3100633 (base 7) in base 16?
-5a598
Convert -6361 (base 11) to base 15.
-2761
-248042 (base 9) to base 16
-24ac4
738203 (base 10) to base 13
1cb00b
Convert b50063 (base 12) to base 2.
1010110101100101001011
Convert -74591 (base 11) to base 3.
-12111212010
-419b6 (base 13) to base 2
-11100110101011111
3602116 (base 7) to base 3
212002111201
What is -8d40df (base 16) in base 10?
-9257183
-401340551 (base 6) to base 15
-8e2ecd
What is -72581 (base 11) in base 4?
-121311303
2bb5685 (base 12) to base 4
202020102011
What is -27746 (base 10) in base 4?
-12301202
-1027b57 (base 12) to base 15
-40116d
Convert 1561166 (base 7) to base 11.
138756
What is -4304054 (base 7) in base 15?
-a4bd8
Convert 312130 (base 4) to base 13.
1780
1545593 (base 11) to base 4
22011030312
-3101330132 (base 4) to base 8
-3217436
Convert -194474 (base 11) to base 10.
-298709
-2010584 (base 12) to base 2
-10110110111010000110100
What is -1031241 (base 7) in base 6?
-2404110
What is -95c5c8 (base 13) in base 9?
-6542266
What is 10000011101011100000010 (base 2) in base 8?
20353402
What is -10111011000110001100000 (base 2) in base 6?
-335223132
Convert 11061002 (base 7) to base 9.
1716268
54005231 (base 7) to base 15
60a09b
What is 100010001 (base 3) in base 14?
25c7
Convert 1001111001111100110 (base 2) to base 5.
40341312
What is -1266 (base 8) in base 7?
-2011
c85a6 (base 14) to base 2
1110110001011100110
-10420321 (base 5) to base 7
-532052
What is -59aba (base 14) in base 12?
-a6818
What is -1ab3191 (base 12) in base 3?
-101201222200101
What is -358934 (base 12) in base 10?
-865336
What is -10010011011110001101 (base 2) in base 13?
-181c30
-1222101221101 (base 3) to base 4
-10000220212
What is 102211020122 (base 3) in base 2?
111000110100011010
Convert 206504203 (base 7) to base 6.
1120025404
-27464750 (base 8) to base 5
-3040444441
Convert 166506 (base 8) to base 14.
181ca
Convert 110101000101100101000 (base 2) to base 7.
20533414
511515 (base 7) to base 15
1abc6
Convert 106380 (base 14) to base 5.
120224423
What is -2627223 (base 8) in base 11?
-46063a
Convert -7185079 (base 10) to base 11.
-4